 remainder when 444726866 is divided by 34?
32
Calculate the remainder when 2601118 is divided by 728.
702
What is the remainder when 80487 is divided by 40129?
229
What is the remainder when 501002 is divided by 1805?
1017
What is the remainder when 8195186 is divided by 49367?
264
Calculate the remainder when 1256378801 is divided by 3486.
3485
Calculate the remainder when 31401954 is divided by 2265.
2259
Calculate the remainder when 84996 is divided by 6864.
2628
What is the remainder when 19090665 is divided by 158?
157
What is the remainder when 598295 is divided by 8438?
7635
Calculate the remainder when 416239 is divided by 14351.
60
What is the remainder when 5974635 is divided by 1249?
668
Calculate the remainder when 27287 is divided by 8998.
293
What is the remainder when 604876 is divided by 151182?
148
Calculate the remainder when 6339136 is divided by 45.
31
What is the remainder when 1496488 is divided by 23?
16
What is the remainder when 297834 is divided by 4504?
570
Calculate the remainder when 16293117 is divided by 32849.
13
What is the remainder when 54853 is divided by 3426?
37
What is the remainder when 324387 is divided by 4633?
77
What is the remainder when 180344 is divided by 1205?
799
Calculate the remainder when 32214 is divided by 2133.
219
What is the remainder when 4856269 is divided by 53?
38
What is the remainder when 29421280 is divided by 2924?
2916
What is the remainder when 7349 is divided by 522?
41
Calculate the remainder when 2188 is divided by 614.
346
What is the remainder when 1002417 is divided by 7594?
9
What is the remainder when 9538834 is divided by 129?
58
Calculate the remainder when 496853 is divided by 314.
105
Calculate the remainder when 48066 is divided by 1093.
1067
What is the remainder when 58694491 is divided by 608?
603
What is the remainder when 7483074 is divided by 683?
126
What is the remainder when 8042191 is divided by 1231?
68
Calculate the remainder when 250032 is divided by 124449.
1134
Calculate the remainder when 33653 is divided by 2652.
1829
What is the remainder when 171263464 is divided by 107?
13
What is the remainder when 6833715 is divided by 583?
372
Calculate the remainder when 7490844 is divided by 110159.
32
What is the remainder when 56361827 is divided by 1988?
39
Calculate the remainder when 101160 is divided by 415.
315
What is the remainder when 17071188 is divided by 29?
19
Calculate the remainder when 1137754 is divided by 1841.
16
What is the remainder when 38267 is divided by 185?
157
What is the remainder when 88928 is divided by 424?
312
What is the remainder when 591014 is divided by 369?
245
What is the remainder when 250028 is divided by 17811?
674
Calculate the remainder when 10966091 is divided by 78.
71
Calculate the remainder when 954887 is divided by 44.
43
What is the remainder when 1450076 is divided by 106?
102
What is the remainder when 567240046 is divided by 1097?
1092
What is the remainder when 623903 is divided by 86?
59
Calculate the remainder when 152554 is divided by 675.
4
What is the remainder when 58998 is divided by 11658?
708
Calculate the remainder when 2239147 is divided by 306.
145
What is the remainder when 5491821 is divided by 217?
202
What is the remainder when 99268924 is divided by 35?
34
What is the remainder when 5521102 is divided by 75?
52
Calculate the remainder when 2782717 is divided by 1220.
1117
What is the remainder when 11431 is divided by 3714?
289
What is the remainder when 57709079 is divided by 472?
471
What is the remainder when 47749 is divided by 2793?
268
What is the remainder when 173776 is divided by 5841?
4387
Calculate the remainder when 634891 is divided by 310.
11
Calculate the remainder when 118173584 is divided by 148.
24
What is the remainder when 21649 is divided by 2969?
866
Calculate the remainder when 922337 is divided by 1266.
689
Calculate the remainder when 19724614 is divided by 195293.
21
What is the remainder when 155990 is divided by 1611?
1334
What is the remainder when 1868734 is divided by 311447?
52
What is the remainder when 26987 is divided by 26664?
323
What is the remainder when 33588961 is divided by 2583756?
133
What is the remainder when 88517 is divided by 9575?
2342
What is the remainder when 31820 is divided by 38?
14
What is the remainder when 12450572 is divided by 137?
12
What is the remainder when 6825758 is divided by 44?
38
Calculate the remainder when 1428847 is divided by 1428733.
114
What is the remainder when 15053670 is divided by 4225?
4220
What is the remainder when 19550049 is divided by 494?
493
Calculate the remainder when 1425357 is divided by 647.
16
Calculate the remainder when 13983960 is divided by 59254.
16
What is the remainder when 47501669 is divided by 291?
284
Calculate the remainder when 6006896 is divided by 1929.
1919
What is the remainder when 10052075 is divided by 469?
467
What is the remainder when 737340 is divided by 28357?
58
What is the remainder when 458183 is divided by 1580?
1563
Calculate the remainder when 15472 is divided by 5944.
3584
What is the remainder when 2352158 is divided by 995?
973
Calculate the remainder when 675954 is divided by 16896.
114
What is the remainder when 4487247 is divided by 1121794?
71
What is the remainder when 1179824 is divided by 1353?
8
What is the remainder when 206727 is divided by 2266?
521
What is the remainder when 265444568 is divided by 511?
508
What is the remainder when 1862509 is divided by 6467?
13
What is the remainder when 60760 is divided by 7?
0
What is the remainder when 4780042 is divided by 1876?
1870
What is the remainder when 4616656 is divided by 84?
16
What is the remainder when 6412839 is divided by 3?
0
Calculate the remainder when 226743 is divided by 3024.
2967
Calculate the remainder when 1913333 is divided by 41.
27
Calculate the remainder when 1111845 is divided by 153.
147
What is the remainder when 115115753 is divided by 115115753?
0
What is the remainder when 7119958 is divided by 120?
118
Calculate the remainder when 16269 is divided by 290.
29
What is the remainder when 979163 is divided by 10771?
9773
Calculate the remainder when 255935 is divided by 883.
748
Calculate the remainder when 102958 is divided by 14692.
114
What is the remainder when 205567 is divided by 102?
37
Calculate the remainder when 383858 is divided by 146.
24
What is the remainder when 272024 is divided by 5332?
92
Calculate the remainder when 7016268 is divided by 187.
28
What is the remainder when 13251607 is divided by 597?
595
Calculate the remainder when 1819980 is divided by 259993.
29
Calculate the remainder when 3070632 is divided by 14018.
690
Calculate the remainder when 18171012 is divided by 4977.
4962
Calculate the remainder when 13053336 is divided by 1631665.
16
Calculate the remainder when 2035783 is divided by 254469.
31
What is the remainder when 769109 is divided by 136?
29
What is the remainder when 761365 is divided by 1489?
486
Calculate the remainder when 8989 is divided by 8581.
408
What is the remainder when 260573 is divided by 1190?
1153
Calculate the remainder when 176867929 is divided by 3790.
3789
Calculate the remainder when 7456849 is divided by 64.
17
Calculate the remainder when 3268024 is divided by 860.
24
Calculate the remainder when 18760 is divided by 8173.
2414
What is the remainder when 3603576 is divided by 2121?
2118
What is the remainder when 1949403 is divided by 2193?
2019
What is the remainder when 4581272 is divided by 25?
22
What is the remainder when 2199709 is divided by 24995?
149
What is the remainder when 844590 is divided by 816?
30
Calculate the remainder when 22210903 is divided by 73.
69
What is the remainder when 1469992 is divided by 27733?
143
What is the remainder when 39477059 is divided by 1330?
1329
What is the remainder when 125802 is divided by 15240?
3882
Calculate the remainder when 355110754 is divided by 148.
146
Calculate the remainder when 1344487 is divided by 3714.
19
Calculate the remainder when 539035 is divided by 382.
33
Calculate the remainder when 12254470 is divided by 9843.
9778
What is the remainder when 305096 is divided by 101660?
116
Calculate the remainder when 1713257 is divided by 21150.
107